 - 7/6*c**3 + 0 + 2*c + 1/360*c**6. Let y(u) be the second derivative of v(u). Give y(6).
-6
Let g = -49 - -22. Let b be (16/12)/((-6)/g). Suppose -2 = 4*w + b. Let v(k) = -2*k**2 + k - 1. What is v(w)?
-11
Let z(c) = c**3 + 3*c**2 + 5. Let j be 9/(-6) + (-9)/6. Let l(u) = -u + 6*u**2 + 7*u**2 + 2 + u**3 - 11*u**2. Let f be l(j). Give z(f).
-11
Let l(p) = p - 1. Let x(i) = -2*i - 1. Let c(o) = 3*l(o) + x(o). Calculate c(7).
3
Suppose -2*w = 5*d - 26, -d - 4 = -2*d. Let j(i) = 2*i**2 + 9*i - 6. Let a(f) = 2*f**2 + 14*f - 7. Let x(k) = 2*a(k) - 3*j(k). What is x(w)?
-11
Let z(r) = 5*r + 3 + 2 + 6*r**2 + 10*r**2 - 17*r**2. Calculate z(5).
5
Let o(q) = -q + 2*q - 2*q + 4. Let v be (-4 + 3)/(2/4). Let k(j) = j**3 + j**2 - 1. Let i be k(v). What is o(i)?
9
Let k(p) = 13*p**2 + p. Suppose f + f + 42 = 0. Let a = f - -20. What is k(a)?
12
Let r(q) = -q**2 + 2*q + 2. Let s = -43 - -48. Suppose 4*v = -s*t - 18, -3*v + t - 6 = v. What is r(v)?
-6
Suppose 0 = 704*l - 695*l. Let z(y) = y - 15. Give z(l).
-15
Suppose 0 = -6*y + 13*y - 77. Suppose 0*x = -2*x + 4. Let q(f) = -3*f**x - f**3 + 11 - y + 2*f. Calculate q(-3).
-6
Let y(o) = 10*o - 45*o**2 + 5 + 0 + 16*o - 22*o + 47*o**2. Calculate y(-2).
5
Let j(w) = w**2 - 4*w + 1. Let d = -148 - -82. Let a = 72 + d. Calculate j(a).
13
Let h(o) = -4*o**2 + 11*o + 17. Let t(c) = 5*c**2 - 12*c - 19. Let p(d) = -7*h(d) - 6*t(d). What is p(-5)?
-30
Let h = 47 + -45. Let c(f) = -2*f**2 + 5*f**2 - 8*f**h + f**2 + 4*f - 5 - f**3. Let t be -7 + (0 - 2/(-1)). Give c(t).
0
Let q(d) = -d**2 - 12*d - 23. Let j(v) = 4*v**2 + 35*v + 70. Let f(i) = -2*j(i) - 7*q(i). Give f(16).
-11
Let f(r) = -8*r - 52. Let m(i) = -7*i - 45. Let g(y) = -6*f(y) + 7*m(y). Give g(7).
-10
Suppose 79*f = 80*f + 6. Let m(i) = -i**2 - 6*i + 6. Give m(f).
6
Let b(p) = p - 3. Let z be b(3). Suppose -n - 21 = -4*k - z*n, 5*k + 5*n - 45 = 0. Let d(x) = -x**2 + 4*x + 1. What is d(k)?
-11
Let m = -21 - -127/6. Let h(u) be the second derivative of -3/2*u**2 + m*u**4 + 1/3*u**3 + 0 - 12*u. Give h(2).
9
Let b(v) = v**2 - 6*v - 5*v**2 + 0*v**2 + 5*v**2. Give b(6).
0
Let j(s) = 3*s + 5. Let z be j(-4). Let c(r) = 0*r + 0 - 2*r + r - 4. What is c(z)?
3
Let j(v) be the second derivative of v**5/20 + v**4/3 - 7*v**3/6 + 7*v**2/2 + 3*v + 18. Calculate j(-6).
-23
Let w(s) = s**2 + 14*s + 16. Let q be w(-13). Suppose -2*b = 2*k + 3*k + 10, -q*b - k = -11. Let z(l) = -2*l - 5*l**2 + b*l - l - 1. Determine z(1).
-4
Suppose 4*m - z = -0*z + 18, m - 1 = 2*z. Let a(q) = -q**2 + 3*q**3 - 2*q + m*q - 22 - 4*q - 4*q**3. Determine a(0).
-22
Let n(l) = 5*l**3 - 16*l**2. Let o(g) = 3*g**3 - 10*g**2. Let p(t) = -5*n(t) + 8*o(t). Determine p(1).
-1
Let t(x) be the third derivative of x**7/5040 + x**6/180 - 4*x**5/15 - 14*x**2. Let r(g) be the third derivative of t(g). What is r(-6)?
-2
Let t(i) be the second derivative of -i**5/20 - i**4/3 + 7*i**3/6 - i**2/2 + 3*i - 26. Calculate t(-5).
-11
Let w be (9/(-24))/((-1)/8). Let t(n) = -7*n + 27. What is t(w)?
6
Let d(c) = 3 - 2*c + 2*c + 8*c - 5*c. What is d(6)?
21
Let v(p) = 2*p**2 + p**2 + 3*p**2 - 4*p**2 - 1 + 0. Give v(-1).
1
Let c = -8 + 4. Let l(d) be the first derivative of 3*d**2/2 + 2*d - 1464. Determine l(c).
-10
Let x(f) = 48*f - 91*f + 18 + 44*f. Determine x(-18).
0
Suppose 2*m + 2*h = 0, -2*h - 5 = -5*m + 16. Suppose m*r - 12 + 49 = -5*a, -a - 1 = -r. Let b(g) = 0*g + 3 - 5*g - g**2 + g. Determine b(r).
3
Let u be (-18)/(((-2)/4*-4)/(-1)). Suppose 14*x + 30 = u*x. Let n(d) = -d**2 - 5*d + 5. Determine n(x).
-1
Let f(b) be the third derivative of b**5/60 - 11*b**4/24 - 5*b**3/6 + 508*b**2. What is f(12)?
7
Let f(z) = -5*z**2 - 2*z**2 - 3*z**2 + 14*z**2 - 4*z + z**3 - 9 - 5*z. Calculate f(-6).
-27
Let c(m) be the second derivative of -m**5/20 - 7*m**4/12 - m**3 + 5*m**2/2 + 102*m. Give c(-6).
5
Let y(b) = -2*b**2 - 3*b + 6. Let p be (6 - 6) + 2 + -5 + 4. Let u(t) = t**2 - t - 1. Let n(h) = p*y(h) + 3*u(h). Give n(4).
-5
Let a(v) = -7*v**3 + 7*v**2 + 9*v + 2. Let q(d) = -9*d**3 + 7*d**2 + 10*d + 3. Let h(t) = 5*a(t) - 4*q(t). Give h(-6).
4
Suppose 0 = 4*z + 12 - 8, 0 = 5*r - 4*z - 29. Let s(x) = -2*x**2 - x - 9. Let c(g) = -3*g**2 - 3*g - 17. Let k(t) = -3*c(t) + 5*s(t). Calculate k(r).
1
Suppose 0 = 4*x - 5*i - 23 - 3, 0 = -2*i + 4. Suppose x*h = 7*h. Let z(p) = -p**2 + p - 1. Give z(h).
-1
Let z(j) = j - 1. Let x = 146 - 154. Give z(x).
-9
Let q(j) = 18*j**2 + 181*j + 16. Let a be q(-10). Let s(h) = h**3 - 7*h**2 + 6*h + 5. Let o(z) = 1. Let f(l) = -2*o(l) + s(l). Determine f(a).
3
Let x(u) = -u**2 + 4*u - 7. Let a(n) = n + 1. Let d(q) = -3*a(q) - x(q). Calculate d(6).
-2
Let k(d) be the second derivative of d**5/20 - d**4/2 - d**3/2 + 6*d**2 - 2*d - 1. Give k(6).
-6
Suppose -213 - 2 = -43*k. Let a(c) = c**3 - 6*c**2 + 4*c + 6. Give a(k).
1
Suppose -3*q - 5*p = -1 - 24, -2*q - 5*p + 10 = 0. Let f = -9 + q. Let c(o) = -3*o - 3. Let x(y) = 4*y + 4. Let r(n) = 7*c(n) + 5*x(n). What is r(f)?
-7
Let g(f) be the first derivative of -f**2 + f - 116. Determine g(11).
-21
Suppose 0 = -4*n + 2*n + 6. Let b(d) = -20*d - 23. Let k(p) = -7*p - 8. Let a be ((-3)/(-2))/(9/24). Let g(t) = a*b(t) - 11*k(t). Determine g(n).
-13
Let z(i) = -6 + i + 0*i + 0*i. Let k = -22 - -38. Let b = 16 - k. Give z(b).
-6
Let k(m) = m**3 + 5*m**2 - 6*m - 4. Let p(a) = 3*a**3 + 14*a**2 - 17*a - 11. Let h(b) = -17*k(b) + 6*p(b). Suppose 0 = 26*f - 31*f. Determine h(f).
2
Let t(c) = -3*c - 3 + 0 + 4. Let a(v) = v**3 - 15*v**2 - 50*v - 70. Let f be a(18). Give t(f).
-5
Let g(i) be the third derivative of i**6/120 - i**5/30 - i**4/6 + i**3 - 11*i**2 - 5*i. Calculate g(4).
22
Let o = 13 + -4. Let i be -7 + (-2)/((-6)/o). Let j(a) be the third derivative of a**4/24 - a**3/3 - 4*a**2. Calculate j(i).
-6
Let g(f) = f + 3. Let k be g(-4). Suppose 6*d + 45 = 15*d. Let u(l) = 4*l**2 + 189 - 190 + d*l**2. What is u(k)?
8
Let c(b) = -7*b + 2. Let v(g) = 10*g - 2. Let i(l) = 4*c(l) + 4*v(l). Calculate i(6).
72
Let u(t) = -t**3 - 5*t**2 - 1. Let x(j) = -j - 2*j**2 + 8*j**2 + 2*j - j**3 + 4*j + 9. Suppose k + 18 = 2*f + 4, -2*k = 0. Let m be x(f). Give u(m).
-1
Let d(s) = 7*s. Let h be (-84)/21 + (15 - -1). Suppose k - 4 = -5*j - 16, -3*j = 3*k + h. What is d(k)?
-14
Let s(n) = -6*n + 2. Let v(b) = -5 + 4 - 1 + 0 + 5*b. Let r(f) = 6*s(f) + 7*v(f). What is r(-4)?
2
Let a(p) = -p**3 - 6*p**2 + 3*p + 6. Suppose 4*m = -4*o + 12, -4*o + o + 9 = m. Suppose -o*h - 26 = -2*n, 3*n - 7 - 17 = 2*h. What is a(h)?
-12
Let w(o) = o + 13. Let l(h) = -31*h + 232. Let u be l(8). Give w(u).
-3
Let l be (-42)/16 - ((-444)/96 + 5). Let o(b) = -2*b**3 - 6*b**2 + 2*b - 3. Calculate o(l).
-9
Let q(v) = -v**3 + 5*v**2 - 4*v + 5. Let x be q(4). Let a(s) be the first derivative of s**4/4 - 2*s**3 + 3*s**2 + 4*s - 12. Calculate a(x).
9
Let k(b) = -b + 4. Let p be k(-4). Let n = p + -5. Let i(a) = -n - 7*a - 3*a + 4*a + a. Give i(-2).
7
Let y(t) = t**3 - t - 1. Let u(i) = -3*i**2 + 3*i + 2. Let c(m) = u(m) + 2*y(m). Suppose 4 = 2*q - 0. Give c(q).
6
Suppose -2*r - 5 = g - 5*r, 0 = -r + 4. Let n(f) = 0*f**2 - 6*f**2 + g*f**2 + 7*f - 1. Let d be 45/(-6) - (-1)/2. What is n(d)?
-1
Let u(l) = -2*l. Suppose -55 = 2*k + 9*k. Let t be k/(4 - -1) - 3. Determine u(t).
8
Let g(b) be the third derivative of -b**5/60 - 5*b**4/24 - 4*b**3/3 + 114*b**2. Calculate g(-6).
-14
Let t(n) = -n + 31. Let a be t(0). Let l = a - 26. Let r(s) be the third derivative of -s**5/60 + 5*s**4/24 + 5*s**3/6 + 4*s**2. Give r(l).
5
Let o(p) = -3*p**3 - 19*p**2 - 25*p + 31. Let x(j) = -14*j**3 - 74*j**2 - 100*j + 124. Let b(h) = -9*o(h) + 2*x(h). Determine b(24).
-7
Let t(x) be the third derivative of -x**6/120 + x**5/10 - x**4/3 + 5*x**3/6 + 35*x**2 + 2*x. Determine t(5).
-10
Let t(s) = 1117 - 1117 + 9*s. Calculate t(-2).
-18
Suppose h - 3*g + 20 = 0, 4*g + 48 = -5*h - 52. Let m be (-50)/h*28/10. Let r(p) = p**3 - 8*p**2 + 8*p + 1. Determine r(m).
8
Let c(g) = 1 + 0*g + 7*g**2 - 5*g + 6*g. Suppose -6*r + 4 = -3*r + 2*f, 3*r + 6 = 3*f. Suppose -5*i = r, -w + 2*w - 3*i + 1 = 0. Determine c(w).
7
Let o = 525 - 527. Let f(l) = l**3 - 4*l - 3. What is f(o)?
-3
Let x(h) = -h**2 - 4*h + 6. Suppose -123*v = -131*v + 16. Give x(v).
-6
Let o(m) be the second derivative of -m**4/4 - m**3/2 - m**2/2 - m. Suppose -4 = -4*q + 3*p, 127 - 133 